{"id":6129,"date":"2023-09-26T08:11:28","date_gmt":"2023-09-26T08:11:28","guid":{"rendered":"https:\/\/4judo.rilop.eu\/?post_type=event&#038;p=6129"},"modified":"2023-10-02T13:50:19","modified_gmt":"2023-10-02T13:50:19","slug":"acao-de-sensibilizacao-2","status":"publish","type":"event","link":"https:\/\/4judo.pt\/index.php\/all-event\/acao-de-sensibilizacao-2\/","title":{"rendered":"A\u00e7\u00e3o de Sensibiliza\u00e7\u00e3o"},"content":{"rendered":"\n<p>Na 4Judo Project, estamos comprometidos em criar um ambiente seguro e acolhedor para todos os nossos atletas. Por esse motivo, realizaremos uma a\u00e7\u00e3o de sensibiliza\u00e7\u00e3o sobre o bullying, usando os princ\u00edpios do judo para promover o respeito, a empatia e a autodefesa.<\/p>\n\n\n\n<p>Junta-te a n\u00f3s nesta importante iniciativa para combater o bullying e fortalecer as habilidades f\u00edsicas e emocionais dos nossos judocas.<\/p>\n\n\n\n<p class=\"has-text-align-center\"><strong>Juntos, podemos criar um mundo mais justo.<\/strong><\/p>\n","protected":false},"excerpt":{"rendered":"<p>Na 4Judo Project, estamos comprometidos em criar um ambiente seguro e acolhedor para todos os nossos atletas. Por esse motivo, realizaremos uma a\u00e7\u00e3o de sensibiliza\u00e7\u00e3o sobre o bullying, usando os princ\u00edpios do judo para promover o respeito, a empatia e a autodefesa. Junta-te a n\u00f3s nesta importante iniciativa para combater o bullying e fortalecer as<\/p>\n","protected":false},"featured_media":6130,"comment_status":"closed","ping_status":"closed","template":"","event-cat":[31],"event-tag":[],"class_list":["post-6129","event","type-event","status-publish","has-post-thumbnail","hentry","event-cat-iniciativas"],"_links":{"self":[{"href":"https:\/\/4judo.pt\/index.php\/wp-json\/wp\/v2\/event\/6129","targetHints":{"allow":["GET"]}}],"collection":[{"href":"https:\/\/4judo.pt\/index.php\/wp-json\/wp\/v2\/event"}],"about":[{"href":"https:\/\/4judo.pt\/index.php\/wp-json\/wp\/v2\/types\/event"}],"replies":[{"embeddable":true,"href":"https:\/\/4judo.pt\/index.php\/wp-json\/wp\/v2\/comments?post=6129"}],"wp:featuredmedia":[{"embeddable":true,"href":"https:\/\/4judo.pt\/index.php\/wp-json\/wp\/v2\/media\/6130"}],"wp:attachment":[{"href":"https:\/\/4judo.pt\/index.php\/wp-json\/wp\/v2\/media?parent=6129"}],"wp:term":[{"taxonomy":"event-cat","embeddable":true,"href":"https:\/\/4judo.pt\/index.php\/wp-json\/wp\/v2\/event-cat?post=6129"},{"taxonomy":"event-tag","embeddable":true,"href":"https:\/\/4judo.pt\/index.php\/wp-json\/wp\/v2\/event-tag?post=6129"}],"curies":[{"name":"wp","href":"https:\/\/api.w.org\/{rel}","templated":true}]}}

Ação de Sensibilização

<p>Na 4Judo Project, estamos comprometidos em criar um ambiente seguro e acolhedor para todos os nossos atletas. Por esse motivo, realizaremos uma ação de sensibilização sobre o bullying, usando os princípios do judo para promover o respeito, a empatia e a autodefesa.</p>



<p>Junta-te a nós nesta importante iniciativa para combater o bullying e fortalecer as habilidades físicas e emocionais dos nossos judocas.</p>



<p class="has-text-align-center"><strong>Juntos, podemos criar um mundo mais justo.</strong></p>

<p>Na 4Judo Project, estamos comprometidos em criar um ambiente seguro e acolhedor para todos os nossos atletas. Por esse motivo, realizaremos uma ação de sensibilização sobre o bullying, usando os princípios do judo para promover o respeito, a empatia e a autodefesa. Junta-te a nós nesta importante iniciativa para combater o bullying e fortalecer as</p>
