{"id":7033,"date":"2023-10-26T08:48:54","date_gmt":"2023-10-26T08:48:54","guid":{"rendered":"https:\/\/4judo.pt\/?post_type=training&#038;p=7033"},"modified":"2024-11-19T08:44:56","modified_gmt":"2024-11-19T08:44:56","slug":"inocencio-vieira","status":"publish","type":"training","link":"https:\/\/4judo.pt\/index.php\/all-training\/inocencio-vieira\/","title":{"rendered":"Inoc\u00eancio Vieira"},"content":{"rendered":"\n<div style=\"height:100px\" aria-hidden=\"true\" class=\"wp-block-spacer\"><\/div>\n\n\n<div class=\"wp-block-image is-style-rounded\">\n<figure class=\"alignleft size-large is-resized\"><img loading=\"lazy\" decoding=\"async\" width=\"681\" height=\"1024\" src=\"https:\/\/4judo.pt\/wp-content\/uploads\/2023\/10\/Inocencio-Vieira-681x1024.jpeg\" alt=\"\" class=\"wp-image-7034\" style=\"object-fit:contain;width:539px;height:auto\" srcset=\"https:\/\/4judo.pt\/wp-content\/uploads\/2023\/10\/Inocencio-Vieira-681x1024.jpeg 681w, https:\/\/4judo.pt\/wp-content\/uploads\/2023\/10\/Inocencio-Vieira-200x300.jpeg 200w, https:\/\/4judo.pt\/wp-content\/uploads\/2023\/10\/Inocencio-Vieira-768x1155.jpeg 768w, https:\/\/4judo.pt\/wp-content\/uploads\/2023\/10\/Inocencio-Vieira-1022x1536.jpeg 1022w, https:\/\/4judo.pt\/wp-content\/uploads\/2023\/10\/Inocencio-Vieira-133x200.jpeg 133w, https:\/\/4judo.pt\/wp-content\/uploads\/2023\/10\/Inocencio-Vieira-266x400.jpeg 266w, https:\/\/4judo.pt\/wp-content\/uploads\/2023\/10\/Inocencio-Vieira.jpeg 1362w\" sizes=\"auto, (max-width: 681px) 100vw, 681px\" \/><\/figure>\n<\/div>\n\n\n<p><\/p>\n\n\n\n<p><strong>2023 (-66Kg) S\u00e9nior<\/strong><\/p>\n\n\n\n<p>Campe\u00e3o Regional Norte <\/p>\n\n\n\n<p><strong>2024 (-73Kg) S\u00e9nior<\/strong><\/p>\n\n\n\n<p>1\u00b0 Lugar Open Aveiro<\/p>\n","protected":false},"excerpt":{"rendered":"<p>2023 (-66Kg) S\u00e9nior Campe\u00e3o Regional Norte 2024 (-73Kg) S\u00e9nior 1\u00b0 Lugar Open Aveiro<\/p>\n","protected":false},"featured_media":7035,"comment_status":"closed","ping_status":"closed","template":"","training-cat":[35],"training-tag":[],"class_list":["post-7033","training","type-training","status-publish","has-post-thumbnail","hentry","training-cat-campeoes"],"_links":{"self":[{"href":"https:\/\/4judo.pt\/index.php\/wp-json\/wp\/v2\/training\/7033","targetHints":{"allow":["GET"]}}],"collection":[{"href":"https:\/\/4judo.pt\/index.php\/wp-json\/wp\/v2\/training"}],"about":[{"href":"https:\/\/4judo.pt\/index.php\/wp-json\/wp\/v2\/types\/training"}],"replies":[{"embeddable":true,"href":"https:\/\/4judo.pt\/index.php\/wp-json\/wp\/v2\/comments?post=7033"}],"wp:featuredmedia":[{"embeddable":true,"href":"https:\/\/4judo.pt\/index.php\/wp-json\/wp\/v2\/media\/7035"}],"wp:attachment":[{"href":"https:\/\/4judo.pt\/index.php\/wp-json\/wp\/v2\/media?parent=7033"}],"wp:term":[{"taxonomy":"training-cat","embeddable":true,"href":"https:\/\/4judo.pt\/index.php\/wp-json\/wp\/v2\/training-cat?post=7033"},{"taxonomy":"training-tag","embeddable":true,"href":"https:\/\/4judo.pt\/index.php\/wp-json\/wp\/v2\/training-tag?post=7033"}],"curies":[{"name":"wp","href":"https:\/\/api.w.org\/{rel}","templated":true}]}}

Inocêncio Vieira

<div style="height:100px" aria-hidden="true" class="wp-block-spacer"></div>


<div class="wp-block-image is-style-rounded">
<figure class="alignleft size-large is-resized"><img loading="lazy" decoding="async" width="681" height="1024" src="https://4judo.pt/wp-content/uploads/2023/10/Inocencio-Vieira-681x1024.jpeg" alt="" class="wp-image-7034" style="object-fit:contain;width:539px;height:auto" srcset="https://4judo.pt/wp-content/uploads/2023/10/Inocencio-Vieira-681x1024.jpeg 681w, https://4judo.pt/wp-content/uploads/2023/10/Inocencio-Vieira-200x300.jpeg 200w, https://4judo.pt/wp-content/uploads/2023/10/Inocencio-Vieira-768x1155.jpeg 768w, https://4judo.pt/wp-content/uploads/2023/10/Inocencio-Vieira-1022x1536.jpeg 1022w, https://4judo.pt/wp-content/uploads/2023/10/Inocencio-Vieira-133x200.jpeg 133w, https://4judo.pt/wp-content/uploads/2023/10/Inocencio-Vieira-266x400.jpeg 266w, https://4judo.pt/wp-content/uploads/2023/10/Inocencio-Vieira.jpeg 1362w" sizes="auto, (max-width: 681px) 100vw, 681px" /></figure>
</div>


<p></p>



<p><strong>2023 (-66Kg) Sénior</strong></p>



<p>Campeão Regional Norte </p>



<p><strong>2024 (-73Kg) Sénior</strong></p>



<p>1° Lugar Open Aveiro</p>

<p>2023 (-66Kg) Sénior Campeão Regional Norte 2024 (-73Kg) Sénior 1° Lugar Open Aveiro</p>
